3*k - 2. Let j(h) = -76*h + 10. Let i(f) = j(f) + 6*s(f). Calculate i(-10).
-22
Let k(r) = -2*r**2 + r - 1. Let s be -4*2/((-40)/45). Suppose s*q = 3*q - 180. Let c be (8/(-14))/(q/105). Determine k(c).
-7
Let t(d) = 13*d**3 - d**2 + 5*d - 12*d**3 - 4*d**2. Let s(f) = 3*f**3 + f**2 + 2*f + 2. Let z be s(-1). Let k be -1 + 5/(-2)*z. What is t(k)?
4
Let x(k) = k + 8 + 4 - 4 + 2. Suppose o - 3*p - 6 = 0, 5*p + 10 = -7*o + 4*o. Let a = o - 9. Give x(a).
1
Let x(d) = -2*d + 1. Let q(r) = 112*r - 899. Let n be q(8). Give x(n).
7
Let j = -35029 + 35038. Let r(h) be the second derivative of -h**5/20 + 2*h**4/3 + 5*h**3/3 + h**2 - h. What is r(j)?
11
Let k(n) = -n**3 - 14*n**2 + 5*n + 4. Suppose 187*s = -136*s - 2283 - 2239. Determine k(s).
-66
Suppose 0 = 42*r - 479 + 143. Let q(a) = -4*a + 31. Give q(r).
-1
Let m(v) = 2*v. Suppose 4*d + 2 = -2*k - 30, d = -3*k - 58. Let g be k/(-7) - (-8)/(-168)*-3. Calculate m(g).
6
Let c(f) be the first derivative of 15*f**2/2 + 5*f - 3164. What is c(1)?
20
Let s = -3963 - -3966. Let r(i) = 7*i**2 + 17*i. Let q(u) = 3*u**2 + 8*u. Let o(n) = -9*q(n) + 4*r(n). Calculate o(s).
-3
Suppose 30 = 6*j - j. Let r = 4071 - 4067. Let s(w) = -5*w + 0*w + 9 - r + j*w. Calculate s(-4).
1
Let p(i) = -i**3 - 10*i**2 + 14*i - 8. Let o(y) = 34*y + 1043. Let t be o(-31). Calculate p(t).
-41
Let u(d) = 5*d - 43. Let j(s) = 58*s + 1924. Let m be j(-33). What is u(m)?
7
Let h be 7*27/(-441) - (-12)/28. Let y(r) be the third derivative of 1/60*r**5 - 6*r**2 + 0*r - 1/4*r**4 + h + 2/3*r**3. Calculate y(4).
-4
Let a be ((-16)/(-12))/(24/(-36)). Let f = -3 + a. Let j(n) = -n**2 - 4*n - 3. Give j(f).
-8
Let d be 35/(-10)*(2 - 60/21). Let j(q) = -4*q + 7 - 6 + 4. Give j(d).
-7
Let b(y) = -y**3 + 9*y**2 - 7*y - 10. Let o be 42/147 + 1340/14. Let r = o + -89. Suppose 0 = -8*p - r*p + 120. Calculate b(p).
-2
Let c(v) = -v**2 - v + 6. Let n be (-141)/(3*5/15). Let a = -144 - n. Determine c(a).
0
Let j(i) = -i**2 - 29*i - 27. Let t be j(-1). Let d(g) = -g + 6. Give d(t).
5
Let f(h) = h**3 + 3*h**2. Let q(j) = 2*j**3 - 3*j**2 + 4*j - 23. Let a(r) = f(r) - q(r). Determine a(6).
-1
Let w(a) = -19*a**2 + 17*a + 7. Let z(y) = -34*y**2 + 33*y + 15. Let b(u) = -9*w(u) + 5*z(u). What is b(-7)?
-23
Let x(z) = -287*z + 6605. Let u be x(23). Let g(w) = 1 - 2*w - 4*w**2 - w + w**3 + 0*w**2. What is g(u)?
-11
Let f = -12531 - -12527. Let d(j) = 2*j + 19. Give d(f).
11
Let w(c) = c**3 - 15*c**2 + 6*c - 62. Let k = -21097 + 21112. Calculate w(k).
28
Suppose 0 = 3*d - 9, 3*d + 115 = -3*f + 370. Let s(z) = 76*z - 4*z**2 - f*z + 2*z**2. Let k be (12/(-10))/((-159)/(-530)). Give s(k).
-8
Suppose -21 - 51 = -23*b + 20. Let q(w) = w + 2. Let p(x) = 1. Let g(t) = -5*p(t) + q(t). Give g(b).
1
Suppose 5*r - 231 = 2*c, -5*c = -2*r + 55 + 29. Suppose r*u - 4 = 49*u. Let m(a) = a**3 + 2*a**2 + 3*a + 4. What is m(u)?
-2
Let c = -31 + 83. Let t = c - 50. Let l be (-1)/(-2*t/(-8))*-2. Let j(k) = 4*k - 5. What is j(l)?
11
Let h(d) be the second derivative of d**4/12 + 8*d**3/3 + 7*d**2 - 1345*d. Give h(-16).
14
Let o(p) = 52*p - p**3 - 7*p**2 - 19*p - 6 - 41*p. What is o(-5)?
-16
Let q(s) = s**3 - s - 624*s**2 + 1383*s**2 + 3 - 756*s**2. Let z(k) = -k**2 - 6*k - 3. Let j be z(-5). Suppose -5*m - 18 = j. Determine q(m).
-9
Suppose 0 = -3*o + 2*o + 1. Let k be 5/30 - (o - (-175)/(-30)). Let d(b) = -b**3 + 4*b**2 + 6*b - 2. Determine d(k).
3
Let i = 44746 - 44743. Let w(v) be the third derivative of -v**6/120 + v**5/60 - v**4/12 + v**3/6 - 2*v**2. What is w(i)?
-23
Let o be (-8 - -15) + -14 - -1. Let j(p) = 2*p + 4. Let s(f) = f + 2. Let n be (12/(-9))/((-4)/42). Let c(x) = n*s(x) - 6*j(x). What is c(o)?
-8
Suppose 3*z - y = 13, -13*z + 5 = -10*z + y. Suppose -z*k = -0*k + n - 27, 2*n = 2*k - 26. Let h(o) = 3*o + 13*o**2 + 6 - 12*o**2 - k*o. Give h(5).
-4
Let i(v) = 23*v - 3. Let a(t) = -116*t + 16. Let r = 467 + -456. Let d(z) = r*i(z) + 2*a(z). Determine d(-1).
-22
Let v be 712/(-80)*-2 + 1/5. Suppose 24*y - 30 = v*y. Let c(w) = -2*w**2 + 4*w + 4. Give c(y).
-26
Let u(r) = -16*r**2 - 23*r**2 - 8*r**2 + 57*r**2 - 8*r**2 + 32*r + 8. What is u(-16)?
8
Let k(y) = -6*y**2 - 25*y + 161. Let s(t) = t**2 + t - 50. Let i(c) = k(c) + 5*s(c). Determine i(-8).
7
Let m(n) = n**2 + 2*n + 1. Suppose -18*h = -17*h - 13. Suppose 5*b = -3*v - 31, 4*v + h + 0 = -b. Let q be ((-171)/18 - -8)*v/(-3). Calculate m(q).
0
Let h(u) be the third derivative of -17/6*u**3 - 7/24*u**4 + 0*u + 0 + 1/120*u**5 + 3*u**2. Let c(z) be the first derivative of h(z). Calculate c(3).
-4
Let p(c) = 4 - 7*c + 1 + 6 + 22 - 30. Calculate p(2).
-11
Let a(j) = -7*j + 11*j + 6*j + 1 + j**2 - j. Suppose 0 = q - 0*q + 4, 5*o - 127 = 3*q. Suppose -4*c - o - 1 = 0. Calculate a(c).
-17
Suppose 0 = 4*y + 2*p - 10, 4*y - 2*p = 21 + 9. Let o(r) = 10*r. Calculate o(y).
50
Let m(x) = 11*x + 22. Let a(r) = -11*r - 17. Let z(i) = -2*a(i) - 3*m(i). Give z(-2).
-10
Let a(n) = -4*n**2 + 0*n**2 + 5770 + n**3 - 5771 + 3*n**2 + 4*n**2. Determine a(2).
19
Let c be (-7)/(-4) - 2 - (-12)/(-16). Let d(a) be the third derivative of -a**6/15 - a**5/30 - a**4/12 - a**3/6 + a**2 + 17*a. Calculate d(c).
7
Let d(y) be the second derivative of -y**4/12 + 13*y**3/3 - 52*y**2 + 5*y - 19. What is d(21)?
1
Let w(o) = 32*o**3 + 54*o**2 + 18*o + 49. Let y(x) = 29*x**3 + 50*x**2 + 17*x + 47. Let g(m) = -10*w(m) + 11*y(m). What is g(11)?
-17
Let y(n) be the second derivative of n**5/60 - n**4/6 - 4*n**3/3 - 57*n**2 + 2*n - 40. Let w(l) be the first derivative of y(l). What is w(8)?
24
Let y(l) be the third derivative of l**5/60 - l**4/4 - 3*l**3/2 + 2066*l**2 - 2. Let s be 6/(-3) - 1*-8. What is y(s)?
-9
Let x(h) be the first derivative of h**2/2 - 11*h - 141. Let j(u) = u**3 - 7*u + 6*u + 8*u**2 - 9*u. Let i be j(-9). Calculate x(i).
-2
Let z = -21 - -23. Let j(o) = -35 + 3*o**3 - 5*o**z + 37 + 5*o - 4*o**3. Let f be j(-6). Let t(w) = -w**3 + 8*w**2 - w + 3. Give t(f).
-5
Let x(c) be the first derivative of -3/2*c**2 - 18 - 12*c. What is x(-6)?
6
Let j = 1468 - 734. Let q(w) = 2 - 735*w**2 - 3*w + j*w**2 - 2*w. Determine q(-6).
-4
Let s(i) = i**2 - 3*i - 7. Let o(f) = f**3 - 24*f**2 + 137*f + 35. Let y be o(10). Determine s(y).
3
Let k(p) = -p**2 - 6*p + 2. Let n be ((-110)/(-6) + -3)/((-2)/(-3)). Suppose 0 = -t + 25 - n. Suppose t*q + 35 = -3*q. What is k(q)?
-5
Suppose -19*y = y - 920. Suppose 6 = -44*i + y*i. Let k(n) = n**3 - 3*n**2 + 4*n - 2. Give k(i).
10
Let a(l) = -80 - 17131*l + 17120*l + 77. What is a(1)?
-14
Suppose -4*w - 80 = 2*g + 22, -3*w - 84 = 4*g. Let c be ((-8)/w)/(2/(-6)). Let l(q) = 2*q**3 - q**2. Calculate l(c).
-3
Let z = 3065 - 3060. Let b(x) = -x**2 + 6*x - 14. Calculate b(z).
-9
Let o(t) = 26*t**2 - 2*t + 1. Let a(x) = -x**3 + 1. Let l be a(0). Let s be o(l). Let z(u) = -4*u - s*u**3 - 2*u + 2*u**2 + 3*u**2 + 26*u**3 - 5. Give z(-6).
-5
Let f(k) = 26*k + 3. Let b(a) = -39*a - 5. Let p(c) = 5*b(c) + 8*f(c). Let i = -105221 + 105224. Give p(i).
38
Let h(n) be the second derivative of -1/8*n**4 + 3*n - 1/2*n**3 + 0 + 13/2*n**2. Let b(q) be the first derivative of h(q). Determine b(-2).
3
Let k(d) be the second derivative of -d**4/12 - 4*d**3/3 + 26*d. Let f be k(-8). Let l(x) = -2*x**3 + 15*x**2 + f*x - 6*x - 7*x**2 + x**3 - 6. What is l(7)?
1
Let z = -22 - 27. Let y = z + 51. Let q(j) = -j**3 + j**2 + 1. Let t(i) = 3*i**3 - 6. Let r(p) = y*q(p) + t(p). Give r(-3).
-13
Suppose -5*i = -2*a - 9, 6*a - 4*i = a + 3. Let r(c) = 3*c**2 - 2. Determine r(a).
25
Let b(z) be the third derivative of -z**4/4 + 41*z**3/2 - 68*z**2 - 2*z + 14. Determine b(23).
-15
Let f(n) = 12 + 12 + 11 - n**3 - 51 + 22 - 13*n**2 - 39*n. Give f(-8).
-2
Let l(b) = 42 + 34 - b**2 + 24 - 99 - 9*b - 3*b. Give l(-9).
28
Let x(b) = -930*b**3 + 440*b**3 + 57*b**3 - 6*b + 434*b**3 + 6*b**2 - 3. Suppose -3*a + 4 = -2*s - 4*a, 0 = 5*s + 2*a + 11. Let k be 40/(-6) + s/9. Give x(k).
-10
Let d be 0/1 + 165/(-99)*36/(-10). Let v(t) = 7 - t + 3*t - 10 + 4*t. Give v(d).
33
Let m(b) = -b**3 - 29*b**2 - 54*b + 2. Let c be m(-27). Let r(y) = -c*y**2 - 4*y - 6516*y**3 + 8*y**2 + 6515*y**3 - 2. Calculate r(4).
14
Let n(g) = -g - 6. Suppose -4*z = 2*i + 28, -2*i + 5*z + 0*z - 1 = 0. Let j be (-490)/(-40) + 2/i. Suppose -3*c + j*c = 0. Give n(c).
-6
Let q(y) be the second derivative o